*a**3 - 3*a**3 - a**2 + 0*a**3. What is the tens digit of i(0)?
7
Suppose 5*n = 41 + 64. Suppose 3*c + 0*c = n. What is the units digit of c/(-49) - 632/(-14)?
5
Let o be 1/((-1)/(-74)) + (-12)/4. Suppose -o = 5*l - 346. What is the units digit of l?
5
Let c be (-14)/77 + 790/(-11). Let r be 560/c - (-4)/(-18). Let x = r - -10. What is the units digit of x?
2
Let n = 5 - 2. Suppose -25 = -5*z, -k = n*z - 26 - 6. Suppose -2*m = -3 - k. What is the tens digit of m?
1
Suppose j + j = 3*n, -5*j + 23 = 4*n. Suppose 118 = 5*f - j*v, f = -3*f - 3*v + 116. Let p = f + 10. What is the tens digit of p?
3
What is the units digit of ((-24)/60)/((-2)/660)?
2
Suppose -4*l - 3*g = -62, -5*l - g = -0*g - 83. Suppose -21 = -2*x - 3*u, -2*x + l = -2*u - 19. What is the units digit of x?
5
Let v = -110 - 24. Let s = v - -218. What is the units digit of s?
4
Suppose 0 = 21*i - 14*i - 7. What is the units digit of (44/36 - i) + (-428)/(-18)?
4
Suppose 0 = 2*x - 0*x + 4, 0 = -5*z - x + 3. Let f be z/(1 + (-60)/63). Let s = 23 - f. What is the units digit of s?
2
Let v(z) = -11*z**2 + 6*z + 9. Let x be v(6). What is the units digit of (-1)/(3*3/x)?
9
Let q(x) = -228*x - 294. What is the tens digit of q(-5)?
4
Let n(b) = 48*b + 21. Let f(k) = 16*k + 7. Let x(l) = -8*f(l) + 3*n(l). What is the tens digit of x(4)?
7
What is the hundreds digit of (335*(-27)/(-45))/(3/97)?
4
Let i(p) = -p**3 - 31*p**2 + 70. What is the tens digit of i(-33)?
4
Suppose -4*k + 2*n = -18, -6 - 6 = 4*n. Suppose -k*m + 126 = -5*y, -2*m + 3 = -2*y - 81. What is the units digit of m?
2
Let a = -297 - -401. What is the units digit of a?
4
Let i(r) = -5*r + 34. Let b be i(6). Suppose -b*x + 31 = -1. What is the units digit of x?
8
Let n = -1071 + 1715. What is the units digit of n?
4
Let u(r) = 138*r**3 + r**2 - 45*r + 113. What is the thousands digit of u(3)?
3
Suppose -y - 3*f = -960 - 53, -5*f = 3*y - 3031. What is the thousands digit of y?
1
Let u(z) be the second derivative of z**4/12 + 2*z**3/3 - 3*z**2 + 10*z. What is the tens digit of u(-7)?
1
Let s(q) be the first derivative of -17*q**2/2 + 68*q + 22. What is the units digit of s(-6)?
0
Let m be (3 + (-21)/14)/(2/68). What is the units digit of 4/(-8)*m*(-6)/9?
7
Let y(a) = 34*a**2 - 5*a - 4. Let b(w) = w + 1. Let s(t) = 2*b(t) + y(t). What is the units digit of s(-1)?
5
Suppose 5*p - 9 = 2*p, -4*d - 4*p = -8. What is the units digit of (d + 1 + 6 - 3) + 194?
7
Let d(w) = -w + 13. Let l(n) = n**2 - 2*n - 5. Let j be l(5). Let c = 10 - j. What is the units digit of d(c)?
3
Suppose 8*h - 106 + 794 = 0. Let c = h + 222. What is the units digit of c?
6
Suppose 1037 = 5*c - 1483. Suppose -4*f - c = -2*v, -f = 4*v - 3*f - 1008. Suppose 4*t - v = -4*w, -2*w + t + 136 = -2*t. What is the tens digit of w?
6
What is the thousands digit of 5382 + -2*(7 - 15/2)?
5
Suppose 2*k - a = -0*a - 58, k + 36 = 4*a. What is the tens digit of (2/(12/(-90)))/(6/k)?
7
Suppose -b + 20 = 4*b. Suppose 16 = -4*d - b*s, 3*d - 2*s = -4*s - 9. Let y(h) = -30*h**3 - h - 1. What is the units digit of y(d)?
0
Suppose 0 = 5*g - 16 + 41, 0 = -j + 3*g + 18. Let f(n) = -5*n + j*n + 4*n + 5 + 2*n**2 + 6*n. What is the units digit of f(-6)?
9
Suppose 7*h = 4*h + 3*q - 153, -5*q + 67 = -h. Let p be 8/(-20) + 432/5. Let a = p + h. What is the tens digit of a?
3
Suppose 6*r = 1301 + 1087. Suppose 3*d + 0*d = 2*w - r, 0 = 3*d - 12. What is the tens digit of w?
0
Suppose 5*k = 22 + 38. Let m(q) = k*q + 8 - 12*q - q**3. What is the units digit of m(0)?
8
Suppose 5*q = -2*m + 2525, 2*m + m - 2013 = -4*q. What is the tens digit of q?
0
Let v(x) = -14*x - 1. Let z = -13 - -17. Suppose -z*u + 6 = -10*u. What is the tens digit of v(u)?
1
Let i = -108 - -108. What is the units digit of -28*(i - (5 - 4))?
8
Let z(f) = 2 + 19*f - 22*f + 27*f**2 - 7. What is the tens digit of z(-2)?
0
Let m = -18 - 0. Let f = m - -66. What is the tens digit of f?
4
Let o = -1352 - -2106. Suppose -5*q + o + 91 = 0. What is the tens digit of q?
6
Let d = -3301 + 5965. Let b = -10 + 6. What is the units digit of d/60 + b/10?
4
Suppose -2*p - y + 703 = 0, 4*p - y = -6*y + 1409. What is the hundreds digit of p?
3
Let o = -144 + 99. Suppose 2*i = -70 + 90. What is the units digit of 70/9 - i/o?
8
Let y(g) = 4*g**2 + 3*g - 30. Let o be y(11). Suppose 5*d = 4*l + o, -5*d - 223 = -3*l - 707. What is the tens digit of d?
9
Suppose 0 = -0*y + y - 121. Suppose 0 = -5*a + 5*m + 104 + y, -3*a + 4*m = -130. What is the tens digit of a?
5
Let w = -50 + 48. What is the units digit of ((-9)/18)/(w/40)?
0
Let n(v) = -233*v - 1. Let h be n(-2). Suppose h = 2*o + 3*o. Suppose 3*q = -18 + o. What is the units digit of q?
5
Suppose -55*h + 271434 = 2*h. What is the thousands digit of h?
4
Suppose 5 = -i, 4 - 1 = -4*a + i. Suppose m + g = 4*g + 13, -4*g - 16 = 0. What is the units digit of 4*m/a + 4?
2
Let i(o) = 2*o**2 - 58*o + 19. What is the tens digit of i(35)?
3
Suppose 5*u - 5*i + 4 = 3*u, -4*u + 2 = -5*i. Suppose -u*r + 14 = -13. Suppose q = 10 + r. What is the units digit of q?
9
Suppose 0 = 6*b - 7*b + 244. What is the tens digit of b?
4
Let d = -37 - -22. Let g be 5/d + 26/6. Let h(v) = -v**2 + 7*v + 2. What is the tens digit of h(g)?
1
Let s(c) = -18*c + 27. What is the units digit of s(-21)?
5
Let u be (-6)/(1*(-3)/2). Let v be (-16)/(-4) + 6*4. Suppose -u*d + v = 6*z - 3*z, 8 = -4*d. What is the units digit of z?
2
Suppose -4*h + 2*h = 3*l - 17, -4*l + 28 = 4*h. Suppose -2*g - 3*x = -13, 7*g - h*x = 3*g + 16. Suppose 2*r = b + b + 8, g*b = r. What is the units digit of b?
1
Let m = 284 + 112. Let t = m - 199. What is the hundreds digit of t?
1
Suppose 0 = 8*q - 1978 - 6. What is the units digit of q?
8
Let o = -1613 + 2958. What is the units digit of o?
5
Let x(w) = w. Let y be x(-20). Suppose -17*s = -14*s - 81. Let l = y + s. What is the units digit of l?
7
Let q be 6 - (1 - 5)/(-2). Suppose 12 + 36 = q*r. Let p = 14 - r. What is the units digit of p?
2
Suppose -3*t = -t - 3*u - 521, -5*u + 1290 = 5*t. Suppose 236 + t = 11*p. What is the units digit of p?
5
Suppose 2933 = 5*t + 3*o, -t = 5*o - 697 + 128. What is the tens digit of t?
8
What is the tens digit of 222 + (2 - -19)/7?
2
Let h be (-1 - (1 - -1))/((-21)/616). What is the units digit of h/(-20) - -4 - (-94)/10?
9
Suppose 5*q - 706 = -81. What is the units digit of q + 2 - 1*3/(-1)?
0
Let z(i) = i**2 - 2*i + 1. Let d be z(3). Suppose 4*f + d*s = 580, -2*f + s + 407 = 123. What is the hundreds digit of f?
1
Let d(x) be the second derivative of 5*x**4/24 - x**2/2 + 13*x. Let a(h) be the first derivative of d(h). What is the tens digit of a(14)?
7
Suppose t + t = 4. Suppose -4*b = -t*b - 4. What is the tens digit of (-126)/(-4) - (-1)/b?
3
Let s(x) = 3*x - 22 + 8 - 25 - 5*x. What is the units digit of s(-24)?
9
Suppose -28*i - 24*i + 242320 = 0. What is the thousands digit of i?
4
Suppose -4*f + 0 + 8 = 0. Let z(s) = -14*s**2 + 8. Let v(d) = -13*d**2 + 7. Let c(t) = -4*v(t) + 3*z(t). What is the tens digit of c(f)?
3
What is the units digit of 12/(-10)*(-1540)/21?
8
Let k be ((-2)/(-4))/(17/34). Let l = 1 + k. Suppose 4*t = -4*w + 88, -64 = -3*t - 2*w - l*w. What is the tens digit of t?
2
Let k be (-12*119/(-63))/((-2)/(-72)). Suppose 5*w = -4*m + k, 3*w - 114 = -2*m + 376. What is the tens digit of w?
6
Let g(s) be the third derivative of s**4/6 + 5*s**3/2 + 9*s**2. What is the units digit of g(5)?
5
Let n = 4 - 4. Suppose -h - 118 = 5*b, -b + h + 5 - 31 = n. What is the units digit of (b/9)/(2/(-3))?
4
Let q(r) = 2*r**2 + 20*r + 27. What is the hundreds digit of q(16)?
8
Let x = 1627 + -1017. What is the units digit of (x/(1 - 6))/(-2)?
1
Let w(y) = -30*y + 7. Let o = -37 - -34. What is the units digit of w(o)?
7
Let f = -561 - -785. What is the hundreds digit of f?
2
Let f(a) = a**3 - 2*a**2 - 2*a - 2. Let y be f(3). Suppose 1 = c - y. Let u = c - -10. What is the tens digit of u?
1
Suppose -2*x - 38 = -4*l, 17 = 2*l - 2*x - 7. Suppose -178 + 969 = l*b. What is the units digit of b?
3
Let w(s) = 2*s**3 - 15*s**2 - 8*s + 23. What is the units digit of w(10)?
3
Let w(z) = -2*z - 5. Let j(s) = -s**3 - 4*s**2 + s + 2. Let t be j(-2). What is the tens digit of w(t)?
1
Let w(x) = x**3 - 3. Let b be w(2). Suppose 0*q - b*q + 30 = 0. What is the units digit of q?
6